 n**3 + 5*n**2 + 0*n - 2. Calculate g(-6).
-2
Let a(s) = s**3 - 10*s**2 - 10*s - 2. Let o be 2 - (-5 - (5 - -2)). Suppose -7*p = -o*p + 77. Calculate a(p).
9
Suppose -4*l + 5*s + 5 + 19 = 0, -l + 2*s + 6 = 0. Let w(b) = 2*b**2 - l + 2*b**2 + b**3 + 2*b**2 + 2. Let v(j) = -j**2 + 2*j + 5. Let z be v(4). Give w(z).
23
Let j = -1 + 1. Let w(b) be the first derivative of 152 - 3*b + 1/2*b**2. What is w(j)?
-3
Let h(z) be the second derivative of -z**4/4 + 2*z**3/3 + z**2 - 21*z - 22. Calculate h(4).
-30
Let m(s) = 66*s + 425. Let b(k) = -33*k - 220. Let o(g) = 7*b(g) + 4*m(g). Give o(-5).
-5
Suppose 5*n - 13 = 12. Suppose -x + 2*l + 3 = 0, -8*l - 35 = -n*x - 3*l. Let w(i) = -i**3 + x*i - 6*i**2 - 2*i - 11 + 5*i**2 - 8*i**2. Calculate w(-10).
-1
Let z(k) = 2*k. Let r be z(2). Let p(l) = 3*l**2 - 2*l + 6. Let n be p(2). Let a(h) = 0*h + n - 8 - 3 + 3*h. What is a(r)?
15
Let r be 12/21 + (-310)/(-70). Let b(q) = -4*q**2 + 11*q**2 - 6 - r*q - 8*q**2. Calculate b(-5).
-6
Let i(d) = -2*d + 5. Suppose -30 = -0*f - 6*f. Suppose k = -2*o - 4, f*k - 13 = -2*o + 3*o. Suppose g = k*g + 4. Calculate i(g).
13
Let w(l) = l**2 + 25*l - 7. Let r = 14233 - 14258. Give w(r).
-7
Let b(i) = -2*i**2 - 9*i - 11. Suppose 0 = -122*k - 166 - 566. Calculate b(k).
-29
Let d(g) = 14*g - 312. Suppose 138 = 5*j - 2*b + 28, 5*j - 3*b - 110 = 0. Determine d(j).
-4
Let y(p) = 4*p**3 - 92*p**2 - 2*p**3 + 2*p - 19 + 73*p**2 - p**3. What is y(19)?
19
Suppose -5*s + 16*p + 4 = 18*p, 5*p = -40. Let x(g) be the second derivative of 0 - 1/12*g**s + 3/2*g**3 - 3/2*g**2 - 4*g. Determine x(8).
5
Suppose 3 = 3*m + 13*f - 10*f, m = -5*f + 5. Let q(o) = o**3 + o**2 - 7*o - 2. Let w be q(m). Let c(k) = 5*k**3 + k**2 - 2*k - 2. Give c(w).
-34
Let t(i) = -7*i - 26. Let q be t(-10). Suppose 3*s + q = 4*k, 2*k + 3*s = -k + 12. Let h(u) = u**3 - 9*u**2 + 9*u - 7. Calculate h(k).
1
Let u(j) = -j**3 + 15*j**2 + 31*j + 52. Let b be 25 - 36*(-6)/(-27). Give u(b).
1
Let r = -615 - -604. Let v(q) = -13*q - 147. What is v(r)?
-4
Let v = 4869 + -4871. Let k(q) = -2*q**2 - 2*q - 5. Give k(v).
-9
Let u(f) be the first derivative of f**4/4 + 11*f**3/3 + 9*f**2/2 - 3*f - 92. Let k(h) = 7*h - 115. Let y be k(15). What is u(y)?
7
Let s(c) = 3*c**3 + c + 1. Let r = -17 - -21. Let z be 454*(-4)/40 + r/10. Let b = z - -44. Calculate s(b).
-3
Let z(x) = 7*x**2 - x + 13. Let c(o) = -5*o**2 + o - 11. Let y(t) = 4*c(t) + 3*z(t). Let u be 45/(-10) - (-3)/6. What is y(u)?
7
Let x be (-3 - (-1 - 2))/2. Let d(o) = 3*o**2 + 1 + 9 - 4*o**2 - o - 4. Determine d(x).
6
Let z(u) = -u**3 + 3*u**2 + 3*u - 6. Suppose -117*m = 69*m + 14508. Let v(y) = -10*y - 8. Let n be v(-9). Let j = m + n. Give z(j).
-10
Let y(d) = -d**3 - 21*d**2 + 42*d - 93. Let b be y(-23). Let p(k) = -6*k + 2. Let l be p(b). Let r(v) = 2*v**2 - 16*v + 1. Determine r(l).
1
Let i = 652 + -641. Let z be (42/12)/(i/22). Let v(s) = s**2 - 4*s - 11. Give v(z).
10
Let n(a) = -a**3 - 7*a**2 - 3*a - 17. Let j be n(-7). Let b(v) = -4*v + 20. Give b(j).
4
Suppose -22*u + 7*u = -30. Let c(w) = -u*w**2 + 14*w**2 - 4*w - 10*w**2 + 2. What is c(3)?
8
Suppose 5*m - 2*t = -5, 0 = 3*m + 30*t - 32*t + 7. Let d be (4 - m/2*6) + -1. Let q(v) = -v**2 - v + 11. What is q(d)?
11
Let m(o) be the first derivative of -o**4/4 - 7*o**3/3 - 8*o + 1574. What is m(-7)?
-8
Let v(z) = -3*z**2 - 5*z**2 + 1987*z + 2*z**2 - 1982*z - 3 + 2*z**2. Give v(1).
-2
Let s(i) be the first derivative of -i**3/6 + 8*i**2 + 19*i + 84. Let p(c) be the first derivative of s(c). Give p(0).
16
Let z(n) = -n - 7. Suppose 6 = -f - 5*r, 5*f = 3*f - 5*r + 3. Suppose -3*y = 4*j - 15 - f, -3*j = 3*y - 27. Suppose -y - 38 = 5*u. Give z(u).
3
Let v(r) = 7*r - 1. Suppose -2*y + 60 = -10*k + 5*k, 0 = y - 4*k - 36. Let n(j) = -j**3 + 18*j**2 + 39*j + 21. Let b be n(y). Calculate v(b).
6
Let u be ((-2)/(-3))/(12/36). Let o(d) = 4*d - 8 - 9*d - 2 + d**u + 14. Let h(v) = v**2 - 12*v - 9. Let t be h(13). Calculate o(t).
0
Let j(x) = x**2 + 11*x. Let o(c) = -4*c**2 - 47*c - 5. Let q(s) = 6*j(s) + o(s). Calculate q(-10).
5
Let j(g) be the third derivative of -7*g**4/8 - 8*g**3/3 - 5*g**2 - 5*g + 8. Determine j(-1).
5
Suppose 0 = y + 4*u, 14*u + 3 = 13*u. Let v(r) = -4 - 2*r + r - 18 + 3*r. Give v(y).
2
Let x(a) = -3 + 18384*a - 9195*a - 9 - 9197*a. Calculate x(-6).
36
Let k be 8 - -6 - (1 + 4). Let i(x) = 3 + 23*x**3 + 5*x - 7*x**2 - k*x**3 - 13*x**3. Calculate i(6).
-3
Suppose -l + 2*t + 14 = 0, 121*l - 2*t = 117*l + 8. Let d(x) = 5*x + 1. What is d(l)?
-9
Let r(x) = x**2 + 5*x. Let i(a) = -2*a**2 - 10*a - 1. Let y(g) = 4*i(g) + 7*r(g). Let m be 222/185*(-60)/8. Determine y(m).
-40
Let d = 263 - 263. Let b(y) = 4 + d + 3 - 4*y - 2*y**2 + y**2 - 3*y. Determine b(-7).
7
Let p(d) = d**3 + 6*d**2 - 2*d - 3. Let q be (-36)/24 + 778/(-4). Let c = -202 - q. What is p(c)?
9
Let s(y) be the second derivative of 2*y**3 + 3*y**2 + 1853*y. What is s(1)?
18
Let l(z) = 635*z - 209*z - 215*z - 223*z + 9*z**2 + 2. Calculate l(2).
14
Let i(a) = 18*a**2 - 1 + 1 - 38*a**2. Let u be (-9 - (1 - 1))*-1. Let g = u + -8. Calculate i(g).
-20
Let q = 68 + -66. Let m(k) be the third derivative of k**4/6 - k**3/6 + 35*k**2. Determine m(q).
7
Suppose 13*a - 2929 = -2812. Let v(u) = -u**3 + 11*u**2 - 21*u + 10. What is v(a)?
-17
Let h(x) = 3120*x**2 - 127*x + 132*x - 3119*x**2 + 2*x**3 + 1. Determine h(3).
79
Let w(l) = 17*l**2 - 3*l + 4. Let j(v) be the third derivative of -v**4/24 + v**3/6 - 3*v**2 + 31. Let a(i) = -4*j(i) + w(i). What is a(-1)?
16
Let z(g) = 3629480 - g**2 - 32*g - 3629799 - 25*g. What is z(-51)?
-13
Let m = -1893 + 1873. Let o(v) = v**2 + 19*v - 36. Determine o(m).
-16
Let h(i) = -324*i + 320*i + 129763 - 129724. Calculate h(12).
-9
Let r(j) = -j - 2. Let m(d) = -3*d - 11. Let v(z) = -5*m(z) + 30*r(z). What is v(-2)?
25
Let d be (-1)/(-4*(-4)/80). Let r(c) be the first derivative of c**2/2 - 7*c - 57. Calculate r(d).
-12
Let d be (9/(-3) - -2)/(-8 + (-39)/(-5)). Let j(s) = 3*s**3 - 17*s**2 + 15*s - 14. Determine j(d).
11
Let p(z) = -z**3 - 13*z**2 - 18*z + z**2 + 2*z**2 - 10. Suppose 0 = -9*j - 20 - 52. Let m be p(j). Let i(h) = h**3 - 7*h**2 + 4*h + 1. Determine i(m).
-11
Let a(q) = -q**2 - 11*q + 58. Suppose 161 + 649 = -54*r. What is a(r)?
-2
Let n(f) be the third derivative of 0*f - 1/6*f**4 - 1/2*f**3 + 17*f**2 + 0. Let r(i) = -5*i - 4. Let o(a) = -6*n(a) + 5*r(a). What is o(2)?
-4
Suppose -4*r + 23 = 7. Suppose 0 = 2*h + 2 - 6. Let f(i) = -1 + i**3 + h + 23*i**2 - 27*i**2 - i. Determine f(r).
-3
Let f(n) = n**3 - 7*n**2 + n + 4. Suppose 5*k = -w - 0*k + 2, -2*k = -2*w + 16. Calculate f(w).
11
Let i(u) = -9*u**2 - 2*u - 2. Let z be (-3090)/(-3605)*14/6. Determine i(z).
-42
Suppose -3*p = -4*o + 3 + 1, 0 = -3*p + 3*o. Let z(l) = l**2 + 17*l - 58. Let w be z(-20). Let h(m) = 2*m**w + 6 - 2 - 7 - 3*m. Calculate h(p).
17
Suppose -9*i + 7*i - z = 33, 0 = 3*i - 3*z + 54. Let c(r) = 2*r + 22. Give c(i).
-12
Let l be (2 + (-34)/(-4))*(27 + -19). Let g(t) = l*t - 83*t + 1 + 4 + 5. Determine g(-13).
-3
Suppose 0 = -5*z - i - 39, -2*z - 11*i + 13*i - 18 = 0. Let l(f) = -10*f + 17. Determine l(z).
97
Let m = 319 + -310. Let x(u) = -37 + u**2 + 17 + 22 - 6*u - u. Calculate x(m).
20
Let x(b) = -129 + 10*b**3 + 23*b**2 - 9*b**3 + 45*b - 142 + 320. Give x(-21).
-14
Let f(h) be the second derivative of h**3/6 - h - 3700. Let b(j) = -j + 11. Let s be b(5). Suppose s - 3 = 3*y. Determine f(y).
1
Let t(j) be the first derivative of 1/2*j**2 + 211 + 0*j + 2/3*j**3. Suppose 0 = 4*c - 2 - 2. Determine t(c).
3
Let a(s) be the second derivative of s**4/12 - 25*s**3/6 - 61*s**2/2 - s + 107. Give a(27).
-7
Suppose -11*r = -6*r + z + 36, 5*r = 3*z - 12. Let w(b) = -b**3 - 18*b**2 - 73*b - 4. Determine w(r).
2
Let y(l) = -l**2 - 3*l - 1. Let s(x) = -3*x**2 + 6*x + 2. Let d(o) = 10*o**2 - 19*o - 6. Let a(i) = 2*d(i) + 7*s(i). Let n be a(-1). Calculate y(n).
-1
Let u = 529 - 250. Let s = u - 275. Let o(m) be the third derivative of -m**6/120 + m**5/20 - m**4/12 + m**3/3 - m**2. Give o(s).
-22
Let h(d) = 10*d**2 + 4*d - 9. Let w(b) = -4*b**2 - 2*b + 5. Let m = 40 - 29. Let n(s) = m*w(s) + 6*h(s). Let z = -1 + 0. Calculate n(z).
15
Let u(v) = 4*v - 5. Suppose 4*t + 16 = -2*b + 6, 4*b = 5*t - 20. Suppose 4*j = x + 8, -4*x + 3*j + t*j - 19 = 0. Determine u(x).
